 What is the tens digit of y?
2
Suppose -b + 100 = -11*b. What is the units digit of (b - -15) + (1 - (-1)/1)?
7
Suppose 18*u - 68593 = 45347. What is the units digit of u?
0
Suppose -4*p = 4*o - 8, -4 = -10*p + 8*p + o. Suppose 4032 = -p*m + 16*m. What is the units digit of m?
8
Suppose 3661 - 1114 = -9*c. Let q = c - -902. What is the tens digit of q?
1
Let y(k) = -1060*k - 256. What is the hundreds digit of y(-2)?
8
Let f be 14*198 + -4 - -2. Let v = f - 1811. What is the tens digit of v?
5
Let y(u) = -u**3 + 8*u**2 + 10*u + 13. Let i = -39 + 48. Let z be y(i). Let k = z + -12. What is the units digit of k?
0
Suppose -5*s = 2*m - 65, 4*s + 2*m = 9*s - 45. Suppose -2*o = -5*x - 816, s*o - 2*x - 409 = 10*o. What is the units digit of o?
3
Let y = 16729 + -3919. What is the hundreds digit of y?
8
Suppose -l + 4*l - 15912 - 11409 = 0. What is the units digit of l?
7
Let s be 5/(-60)*-8*(4 + -1). Suppose -i = a - 1213, s*i + 0*a + 4*a = 2418. What is the units digit of i?
7
Let k = 2842 + -2851. Let h(b) = -7*b + 1. Let p be h(-5). Let l = k + p. What is the tens digit of l?
2
Let n(x) = x**3 - 9*x**2 - 8*x - 24. Let l be n(10). Let b be (-13 + 3)*l/(-10). What is the units digit of ((-1)/(b/(-28)))/(3/(-39))?
1
Suppose 143*o = -3777475 + 4892218 + 5393902. What is the thousands digit of o?
5
Let f(p) = 39*p**2 + 17*p - 896. What is the tens digit of f(18)?
4
Let x = -326 - -326. Suppose 190*y - 197*y + 3745 = x. What is the tens digit of y?
3
Let g(p) = 20*p - 2. Let s be g(1). Suppose -v + 89 - s = 0. Suppose v = b - 58. What is the units digit of b?
9
Let j = 50 + -50. Suppose 5*w - 395 = -j*w. Let b = 111 - w. What is the tens digit of b?
3
Suppose 12*f - 60 = 180. Suppose -4*z - 4 = -5*z. Suppose 3*n - 204 = -4*k, -5*k - f = -z*n + 221. What is the units digit of n?
4
Let n(f) = -9*f**3 + 21*f**2 + 3*f. Let l be n(-7). What is the tens digit of (2 + 0 - 3)*l/(-9)?
5
Let v(s) = 4*s**2 - 8*s + 1. Suppose 2*u + 5*n + 20 = 51, -4*n + 17 = -u. Suppose 28 = u*l + l. What is the units digit of v(l)?
1
Suppose 0 = -s - 10 + 13. Suppose -393 = 2*f - s*f. Let q = f - 175. What is the hundreds digit of q?
2
Let b = -1868 + 3579. What is the thousands digit of b?
1
Let l = 2410 + -1365. Let q = -594 + l. What is the units digit of q?
1
Suppose 0 = x + 2*x - o, -5*o = -3*x. Suppose x = -6*q + 5 + 7. What is the units digit of 3 + -3 + q + 18?
0
Suppose 13*c + 15*c + 72*c - 1567600 = 0. What is the thousands digit of c?
5
Let n(z) = 19*z - z**2 - 5*z - 24 + 4*z**2 - 4*z**2. Let s(l) = l**2 - 13*l + 23. Let j(f) = 3*n(f) + 4*s(f). What is the units digit of j(16)?
6
Suppose 5*a - 74485 = o, -908*a = -903*a + o - 74495. What is the thousands digit of a?
4
Let b = -1426 + 2012. Let a = 909 - b. What is the units digit of a?
3
Let k(g) = g**3 - 7*g**2 + 9*g - 9. Let j be k(7). Let u be ((-72)/(-15))/6*(-5)/(-2). Suppose -u*y = -j - 26. What is the units digit of y?
0
Let q = -38597 + 64959. What is the hundreds digit of q?
3
Suppose -4*u - 4*p + 933 = 49, -3*u = -4*p - 698. Let h = u + -87. What is the tens digit of h?
3
Suppose -5*w - 118 = -3*l - 0*l, 5*w = 2*l - 87. Suppose l*c + c = 16640. What is the hundreds digit of c?
5
Let i(w) = -w**3 - 4*w**2 + 21*w + 15. Let o be i(-7). What is the hundreds digit of 3/o + -2 + 3194/5?
6
Let x = 16253 - -6601. What is the thousands digit of x?
2
Let i = 99 + -97. Suppose v = s - i*s + 61, 4 = -2*s. Suppose a - v = -8. What is the tens digit of a?
5
Let d be (-6)/(1/(-2) + 0). Suppose -3*b + d = 3. Suppose 3*n = 3, 0 = t - b*n - 10 - 3. What is the tens digit of t?
1
Suppose -5*u - 6*v + 60 = -v, -3*v + 45 = 4*u. Suppose 277 = -u*z + 745. Suppose -5*w - 4*p - z = -194, -5*p - 10 = 0. What is the units digit of w?
0
Let x = -45529 + 93350. What is the units digit of x?
1
What is the hundreds digit of (-2297 + -18)/(-1 + -4)?
4
What is the thousands digit of 15/(-65) - (-1)/((-65)/(-3682525))?
6
Suppose v - 530 = 3*y, -y + 723 = -5*v + 3331. Let b = v - 243. What is the tens digit of b?
7
Suppose -f = -m - 1, 0 = 2*m + 3*m + 5*f - 45. Suppose y - 106 = m*z, -6*z + 5*z + 370 = 3*y. Let b = y - 97. What is the tens digit of b?
2
Suppose 751 = -3*t - 4*v + 2271, -4108 = -8*t + 3*v. What is the tens digit of t?
1
Suppose 3*t = 4*q + 31820, 0 = -399*t + 400*t - 3*q - 10605. What is the hundreds digit of t?
6
Suppose -10 = -5*q - d, 0*d = -4*q - d + 8. What is the units digit of (q - (-2)/(-4))*760/30?
8
Suppose 4*y - 2*g = 8284, 5*y + 4*g + 0*g = 10329. Suppose 76 + y = 11*u. What is the tens digit of u?
9
Suppose -t - 4 = -3. Suppose 2*m = 4*p + 354, 3*p - p - 3*m + 171 = 0. What is the tens digit of t*11/(33/p)?
3
Let o(l) = -l**3 + l**2 - 2*l. Let x(w) = -450*w**3 - 3. Let h(j) = 2*o(j) - x(j). What is the hundreds digit of h(1)?
4
Let r(x) = 230*x - 32. Let i be (-2*(-12)/(-10))/(10/(-25)). What is the thousands digit of r(i)?
1
What is the units digit of ((-49)/3)/(-40 + 1621416/40536)?
7
Suppose -8*a = -4*q - 7*a - 688, 3*q - 3*a + 507 = 0. Let k = q - -761. What is the tens digit of k?
8
Let a(q) = 2027*q**2 - 409*q + 1651. What is the units digit of a(4)?
7
Suppose -s = 3*r - 6674, s - 4449 = 2*r - 4*r. Let x = -1495 + r. What is the tens digit of x?
3
Suppose 15*o = 29*o - 44744. Suppose o = 5*r - 4*d, 2*r + 3*d = 126 + 1157. What is the hundreds digit of r?
6
Let k(c) = -2714*c + 887. What is the hundreds digit of k(-9)?
3
Suppose 265*s + 3*k = 266*s - 3014, -5*s - 2*k + 15138 = 0. What is the hundreds digit of s?
0
Let k(a) = -a**3 - 14*a**2 - 7*a + 11. Let w(t) = t - 24. Let v be w(12). Let n be k(v). Let b = -65 - n. What is the tens digit of b?
2
Suppose 5*k - 17 = 4*n + 26, -n + 33 = 5*k. Let o(v) = v**3 - 2*v**2 + 2*v + 11. What is the units digit of o(k)?
0
Suppose -2*c + 9 = c. Suppose c = m - 2. Suppose -3*s + h + 6 = 2*h, 0 = -m*s - 5*h + 10. What is the units digit of s?
2
Let h = 75 - 23. Let q = h + -34. Suppose 12 = b + z, 3*b - 2*b - 5*z - q = 0. What is the tens digit of b?
1
Suppose -h + 25*j + 43766 = 23*j, -5*j - 218795 = -5*h. What is the ten thousands digit of h?
4
Let a be (-1368)/14 + (-24)/84. Let y = a + 145. Suppose -6*f - y = -527. What is the units digit of f?
0
Suppose -2*s - m + 3776 = 0, 5*s + 2*m - 10769 = -1328. What is the hundreds digit of s?
8
Let b = 14071 - -16889. What is the tens digit of b?
6
Let o(k) = -7*k - 50. Let d be o(-10). What is the tens digit of (5 + -33)*1/(d/(-375))?
2
Suppose 10*t + 9 = -2*w + 5*t, w + 2*t + 3 = 0. Suppose 5*x - 7064 = -w*x. Suppose -4*j + 4*r - 8*r = -868, 4*j - x = r. What is the hundreds digit of j?
2
Let o(u) = -2*u**3 - 9*u**2 - 4*u + 2. Let b be o(-4). Suppose 804 = b*f - 118. What is the units digit of f?
1
What is the hundreds digit of 3/(-7)*-45041 + 332/(-1162)?
3
Let y(x) = 4*x + 44. Let m(s) = s**3 + 7*s**2 + 2*s + 1. Let l be m(-2). What is the units digit of y(l)?
2
Let k = 126 + -124. Suppose 2*t - 102 = -3*b, -4*b = -2*t - k*t - 116. What is the units digit of (2/(-1)*-1)/(b/592)?
7
Suppose 3*b = f + 1456, 2*b - 5*b = -5*f - 1460. Let y = b - 179. What is the hundreds digit of y?
3
Suppose 607 + 1513 = 2*a. Let b = -615 + a. What is the hundreds digit of b?
4
Suppose 24*l = 26305 + 24872 + 11775. What is the hundreds digit of l?
6
Let o = 28 + -25. Suppose 5*g - o*s + 89 + 19 = 0, -g = 2*s + 32. What is the tens digit of 210/(4*(-9)/g)?
4
What is the tens digit of 17/(-5)*-4783 + (-50 - 498/(-10))?
6
Let l = 7708 - 4058. What is the thousands digit of l?
3
Let x be (-7)/(7/(-2)) - (-34 - -4). Suppose 14190 = x*s - 3058. What is the units digit of s?
9
What is the units digit of (-3 - 99)*(1342/44)/(6/(-4))?
4
Suppose -23443 = 9*b - 75256. What is the units digit of b?
7
Let l = 66 + -65. Suppose -o + 4*o = 3*f + 9, -o - f + l = 0. Let y(x) = x**2 + 2*x. What is the units digit of y(o)?
8
Let f = 29116 - 16500. What is the thousands digit of f?
2
Let p(d) = d**3 + 8*d**2 - 11*d - 14. Let y be p(-9). Suppose -y*h + 3*k + 29 + 560 = 0, 5*k = h - 143. What is the hundreds digit of h?
1
Suppose 125780 = 5*d + 5*l, -4*d = -3*l + 18463 - 119045. What is the tens digit of d?
5
Let c(s) be the first derivative of 19*s**2 - 33*s - 9. Let w be c(5). Let d = w + -92. What is the units digit of d?
5
Suppose o - 5*o - 3328 = -5*i, 5*i